{"id":2769,"date":"2023-05-06T00:22:00","date_gmt":"2023-05-06T00:22:00","guid":{"rendered":"https:\/\/haafer.com\/site\/?post_type=product&#038;p=2769"},"modified":"2024-12-18T14:31:21","modified_gmt":"2024-12-18T17:31:21","slug":"esterilizador-a-vapor-para-microondas","status":"publish","type":"product","link":"https:\/\/haafer.com\/site\/producto\/esterilizador-a-vapor-para-microondas\/","title":{"rendered":"Esterilizador a vapor para microondas"},"content":{"rendered":"<p><strong>Esterilizador a vapor para microondas que est\u00e1 listo en solo 2 minutos<\/strong><br \/>\nEl esterilizador a vapor para microondas se puede utilizar para esterilizar mamaderas y otros productos en tan solo 2 minutos, y elimina el 99,9% de los g\u00e9rmenes y las bacterias. La duraci\u00f3n exacta del ciclo depender\u00e1 de la potencia el\u00e9ctrica del microondas: 2 minutos entre 1200 y 1850 W; 4 minutos entre 850 y 1100 W; 6 minutos entre 500 y 800 W.<\/p>\n<p><strong>Elimina el 99,9% de los g\u00e9rmenes y las bacterias<\/strong><br \/>\nEst\u00e1 comprobado que el esterilizador a vapor para microondas elimina hasta el 99,9% de los g\u00e9rmenes y las bacterias.<\/p>\n<p><strong>El contenido se mantiene esterilizado por hasta 24 horas<\/strong><br \/>\nEl contenido permanece esterilizado por hasta 24 horas con la tapa cerrada.<\/p>\n<p><strong>Esteriliza mamaderas de cuello est\u00e1ndar y cuello ancho<\/strong><br \/>\nEl esterilizador esteriliza mamaderas de cuello est\u00e1ndar y cuello ancho. Se pueden esterilizar hasta 4 mamaderas Philips Avent a la vez.<\/p>\n<p><strong>Dise\u00f1o ligero para las mamaderas esterilizadas vaya donde vaya<\/strong><br \/>\nEl dise\u00f1o ligero y compacto del esterilizador hace que sea f\u00e1cil de transportar donde sea que vaya, vacaciones, visitas a familiares, etc. Ahora puede tener siempre las mamaderas esterilizadas y otros productos a su alcance.<\/p>\n<p><strong>Cabe en la mayor\u00eda de los microondas en el mercado<\/strong><br \/>\nEl esterilizador a vapor para microondas se dise\u00f1\u00f3 para adaptarse a pr\u00e1cticamente todos los microondas en el mercado, por lo que mantiene las mamaderas y otros productos esterilizados est\u00e9 donde est\u00e9.<\/p>\n<p><strong>Clips de seguridad para mantener el producto fresco y la tapa segura<\/strong><br \/>\nEl esterilizador a vapor para microondas cuenta con clips de seguridad para mantener el producto fresco y la tapa segura. Esto garantiza que puede quitar el esterilizador en forma segura del microondas, mientras mantiene las mamaderas y otros productos esterilizados, y previene la posibilidad de que se quemen.<\/p>\n","protected":false},"excerpt":{"rendered":"<p>El esterilizador a vapor para el microondas de Philips Avent es una excelente elecci\u00f3n para esterilizar r\u00e1pida y eficazmente dentro o fuera de casa. Se puede esterilizar hasta 4 mamaderas o productos Philips Avent de una vez y mata el 99,9% de los g\u00e9rmenes en solo 2 minutos.<\/p>\n","protected":false},"featured_media":2772,"comment_status":"open","ping_status":"closed","template":"","meta":[],"product_brand":[],"product_cat":[81,82],"product_tag":[],"class_list":{"0":"post-2769","1":"product","2":"type-product","3":"status-publish","4":"has-post-thumbnail","6":"product_cat-calentadores-de-mamaderas-y-esterilizadores","7":"product_cat-esterilizadores-para-mamaderas","9":"first","10":"instock","11":"shipping-taxable","12":"purchasable","13":"product-type-simple"},"_links":{"self":[{"href":"https:\/\/haafer.com\/site\/wp-json\/wp\/v2\/product\/2769","targetHints":{"allow":["GET"]}}],"collection":[{"href":"https:\/\/haafer.com\/site\/wp-json\/wp\/v2\/product"}],"about":[{"href":"https:\/\/haafer.com\/site\/wp-json\/wp\/v2\/types\/product"}],"replies":[{"embeddable":true,"href":"https:\/\/haafer.com\/site\/wp-json\/wp\/v2\/comments?post=2769"}],"wp:featuredmedia":[{"embeddable":true,"href":"https:\/\/haafer.com\/site\/wp-json\/wp\/v2\/media\/2772"}],"wp:attachment":[{"href":"https:\/\/haafer.com\/site\/wp-json\/wp\/v2\/media?parent=2769"}],"wp:term":[{"taxonomy":"product_brand","embeddable":true,"href":"https:\/\/haafer.com\/site\/wp-json\/wp\/v2\/product_brand?post=2769"},{"taxonomy":"product_cat","embeddable":true,"href":"https:\/\/haafer.com\/site\/wp-json\/wp\/v2\/product_cat?post=2769"},{"taxonomy":"product_tag","embeddable":true,"href":"https:\/\/haafer.com\/site\/wp-json\/wp\/v2\/product_tag?post=2769"}],"curies":[{"name":"wp","href":"https:\/\/api.w.org\/{rel}","templated":true}]}}