{"id":3064,"date":"2023-05-06T23:07:00","date_gmt":"2023-05-06T23:07:00","guid":{"rendered":"https:\/\/haafer.com\/site\/?post_type=product&#038;p=3064"},"modified":"2024-12-18T14:42:17","modified_gmt":"2024-12-18T17:42:17","slug":"vasos-con-sorbete-2","status":"publish","type":"product","link":"https:\/\/haafer.com\/site\/producto\/vasos-con-sorbete-2\/","title":{"rendered":"Vasos con sorbete Straw Cup 300ml 12m+"},"content":{"rendered":"<p><strong>La parte inferior de la pajita est\u00e1 doblada para beber l\u00edquidos f\u00e1cilmente hasta el \u00faltimo sorbo<\/strong><br \/>\nLa parte inferior de la pajita est\u00e1 doblada para que esta alcance f\u00e1cilmente el l\u00edquido, lo que permite que beba en una posici\u00f3n natural.<\/p>\n<p><strong>V\u00e1lvula antifuga integrada y dise\u00f1o de tapa deslizable para evitar derrames<\/strong><br \/>\nLa bombilla dispone de una v\u00e1lvula antifuga integrada para evitar derrames. La tapa deslizable protege la pajita y evita los derrames donde quiera que vaya.<\/p>\n<p><strong>Pocas piezas, f\u00e1cil de armar y de limpiar (apto para el lavaplatos)<\/strong><br \/>\nEl vaso con pajita flexible Philips Avent se puede armar y desarmar f\u00e1cilmente. Para su comodidad, todas las piezas son totalmente aptas para el lavaplatos.<\/p>\n<p><strong>Compatible con las mamaderas y los vasos Philips Avent<\/strong><br \/>\nTodas las mamaderas y vasos Philips Avent son compatibles, excluidos los vasos para ni\u00f1os mayores y las mamaderas de vidrio. Por lo tanto, puede mezclarlos y combinarlos para crear el vaso perfecto que satisfaga las necesidades de desarrollo individual de su ni\u00f1o peque\u00f1o.<\/p>\n<p><strong>Desarrollo bucal saludable<\/strong><br \/>\nEl vaso con pajita flexible Philips Avent permite un desarrollo bucal saludable y ejercita los m\u00fasculos de la boca, lo que desarrolla la fuerza bucal*. Dise\u00f1ado por especialistas para que sea nuestro mejor vaso con pajita*.<\/p>\n<p><strong>Los vasos Philips Avent siguen el desarrollo de su hijo<\/strong><br \/>\nQue los ni\u00f1os aprendan a beber solos es un paso clave en su desarrollo. Nosotros apoyamos el camino que recorren los ni\u00f1os para beber de forma independiente y, para ello, proporcionamos productos para facilitar la transici\u00f3n del pecho o la mamadera a un vaso abierto. Gracias al conocimiento obtenido de los profesionales de la atenci\u00f3n de la salud, nuestras distintas soluciones con tetinas, boquillas blandas y duras, pajitas y bordes de 360\u00b0 para beber siguen el desarrollo de su hijo y estimulan sus habilidades motoras y para beber adquiridas recientemente. Nuestras soluciones de \u00f3ptima calidad se desarrollan considerando la comodidad y la higiene.<\/p>\n<p><strong>Dise\u00f1o contorneado y textura antideslizante para facilitar el agarre<\/strong><br \/>\nEl vaso de 300 ml tiene el tama\u00f1o perfecto para mantener hidratado a su hijo durante todo el d\u00eda y durante los momentos activos. El dise\u00f1o de tapa deslizable permite mantener la pajita limpia cuando est\u00e1 fuera de casa. El dise\u00f1o contorneado del vaso y su textura antideslizante facilitan el agarre por las manos de los ni\u00f1os peque\u00f1os, a fin de que su hijo desarrolle con confianza las habilidades para beber de manera independiente.<\/p>\n","protected":false},"excerpt":{"rendered":"<p>El vaso con pajita flexible Philips Avent tiene una forma contorneada que es ideal para aquellos activos beb\u00e9s en etapa de crecimiento; adem\u00e1s, permite un desarrollo bucal sano. Dise\u00f1ado por especialistas para que sea nuestro mejor vaso con pajita*.<\/p>\n","protected":false},"featured_media":3070,"comment_status":"open","ping_status":"closed","template":"","meta":[],"product_brand":[],"product_cat":[100,87,84],"product_tag":[],"class_list":{"0":"post-3064","1":"product","2":"type-product","3":"status-publish","4":"has-post-thumbnail","6":"product_cat-philips-avent","7":"product_cat-vasos-con-pajita","8":"product_cat-vasos-entrenadores-para-ninos-pequenos","10":"first","11":"instock","12":"shipping-taxable","13":"purchasable","14":"product-type-simple"},"_links":{"self":[{"href":"https:\/\/haafer.com\/site\/wp-json\/wp\/v2\/product\/3064","targetHints":{"allow":["GET"]}}],"collection":[{"href":"https:\/\/haafer.com\/site\/wp-json\/wp\/v2\/product"}],"about":[{"href":"https:\/\/haafer.com\/site\/wp-json\/wp\/v2\/types\/product"}],"replies":[{"embeddable":true,"href":"https:\/\/haafer.com\/site\/wp-json\/wp\/v2\/comments?post=3064"}],"wp:featuredmedia":[{"embeddable":true,"href":"https:\/\/haafer.com\/site\/wp-json\/wp\/v2\/media\/3070"}],"wp:attachment":[{"href":"https:\/\/haafer.com\/site\/wp-json\/wp\/v2\/media?parent=3064"}],"wp:term":[{"taxonomy":"product_brand","embeddable":true,"href":"https:\/\/haafer.com\/site\/wp-json\/wp\/v2\/product_brand?post=3064"},{"taxonomy":"product_cat","embeddable":true,"href":"https:\/\/haafer.com\/site\/wp-json\/wp\/v2\/product_cat?post=3064"},{"taxonomy":"product_tag","embeddable":true,"href":"https:\/\/haafer.com\/site\/wp-json\/wp\/v2\/product_tag?post=3064"}],"curies":[{"name":"wp","href":"https:\/\/api.w.org\/{rel}","templated":true}]}}