{"id":4960,"date":"2023-03-23T09:40:00","date_gmt":"2023-03-23T09:40:00","guid":{"rendered":"https:\/\/haafer.com\/site\/?post_type=product&#038;p=4960"},"modified":"2026-02-14T19:00:10","modified_gmt":"2026-02-14T22:00:10","slug":"tijeritas-recien-nacidos","status":"publish","type":"product","link":"https:\/\/haafer.com\/site\/producto\/tijeritas-recien-nacidos\/","title":{"rendered":"TIJERITAS RECIEN NACIDOS"},"content":{"rendered":"<p>Tijeritas para U\u00f1as con Protector 0+m Chicco<br \/>\nLas tijeras para reci\u00e9n nacido est\u00e1n fabricadas con acero inoxidable, tiene las hojas curvas y las puntas redondeadas para una mayor seguridad durante su uso.<br \/>\nSe incluye el capuch\u00f3n protector de las cuchillas.<br \/>\nSe aconseja cortar las u\u00f1as al ni\u00f1o cuando este tranquilo, tom\u00e1ndole los dedos uno por uno y manteniendo los sujetos entre el pulgar y el \u00edndice.<\/p>\n","protected":false},"excerpt":{"rendered":"<table width=\"489\">\n<tbody>\n<tr>\n<td width=\"489\">TIJERITAS RECIEN NACIDOS<\/td>\n<\/tr>\n<\/tbody>\n<\/table>\n","protected":false},"featured_media":4961,"comment_status":"open","ping_status":"closed","template":"","meta":[],"product_brand":[],"product_cat":[209,207,215],"product_tag":[],"class_list":{"0":"post-4960","1":"product","2":"type-product","3":"status-publish","4":"has-post-thumbnail","6":"product_cat-accesorios-chicco","7":"product_cat-chicco","8":"product_cat-higiene-chicco","10":"first","11":"instock","12":"shipping-taxable","13":"purchasable","14":"product-type-simple"},"_links":{"self":[{"href":"https:\/\/haafer.com\/site\/wp-json\/wp\/v2\/product\/4960","targetHints":{"allow":["GET"]}}],"collection":[{"href":"https:\/\/haafer.com\/site\/wp-json\/wp\/v2\/product"}],"about":[{"href":"https:\/\/haafer.com\/site\/wp-json\/wp\/v2\/types\/product"}],"replies":[{"embeddable":true,"href":"https:\/\/haafer.com\/site\/wp-json\/wp\/v2\/comments?post=4960"}],"wp:featuredmedia":[{"embeddable":true,"href":"https:\/\/haafer.com\/site\/wp-json\/wp\/v2\/media\/4961"}],"wp:attachment":[{"href":"https:\/\/haafer.com\/site\/wp-json\/wp\/v2\/media?parent=4960"}],"wp:term":[{"taxonomy":"product_brand","embeddable":true,"href":"https:\/\/haafer.com\/site\/wp-json\/wp\/v2\/product_brand?post=4960"},{"taxonomy":"product_cat","embeddable":true,"href":"https:\/\/haafer.com\/site\/wp-json\/wp\/v2\/product_cat?post=4960"},{"taxonomy":"product_tag","embeddable":true,"href":"https:\/\/haafer.com\/site\/wp-json\/wp\/v2\/product_tag?post=4960"}],"curies":[{"name":"wp","href":"https:\/\/api.w.org\/{rel}","templated":true}]}}