{"id":5061,"date":"2023-03-27T10:18:42","date_gmt":"2023-03-27T13:18:42","guid":{"rendered":"https:\/\/haafer.com\/site\/?post_type=product&#038;p=5061"},"modified":"2024-12-18T14:42:58","modified_gmt":"2024-12-18T17:42:58","slug":"my-grippy-300ml-azul-pico-semi-rigido","status":"publish","type":"product","link":"https:\/\/haafer.com\/site\/producto\/my-grippy-300ml-azul-pico-semi-rigido\/","title":{"rendered":"My Grippy 300ml, Azul (PICO SEMI-R\u00ccGIDO)"},"content":{"rendered":"<p>CARACTERISTICAS:<\/p>\n<p>Facilidad de succi\u00f3n<\/p>\n<p>Vaso con boquilla semi-r\u00ecgida para beber con comodidad<\/p>\n<p>Facilidad de succi\u00f3n<br \/>\n300 ml<br \/>\n9m+<br \/>\nNi\u00f1o y Ni\u00f1a<\/p>\n<p>Suave boquilla de silicona que resulta f\u00e1cil de utilizar La boquilla silicona de una sola pieza es f\u00e1cil de utilizar ya que el l\u00edquido empieza a fluir cuando se aplica presi\u00f3n sobre ella.<\/p>\n<p>Boquilla de silicona en una sola pieza que resulta f\u00e1cil de montar. La v\u00e1lvula est\u00e1 integrada en la boquilla para garantizar un montaje r\u00e1pido y sin complicaciones.<\/p>\n<p>Dep\u00f3sito con forma ondulada para un mayor agarre. El dep\u00f3sito del vaso con boquilla est\u00e1 dise\u00f1ado para ofrecer un mayor agarre para las manos peque\u00f1as.<\/p>\n<p>Compatible con los biberones Philips Avent Natural. El nuevo vaso Philips Avent es compatible con la gama de biberones Philips Avent Natural, excepto los biberones de cristal.<\/p>\n","protected":false},"excerpt":{"rendered":"<p>My Grippy 300ml, Azul<\/p>\n","protected":false},"featured_media":5062,"comment_status":"open","ping_status":"closed","template":"","meta":[],"product_brand":[],"product_cat":[100,86,87,85,84],"product_tag":[],"class_list":{"0":"post-5061","1":"product","2":"type-product","3":"status-publish","4":"has-post-thumbnail","6":"product_cat-philips-avent","7":"product_cat-vasos-con-boquilla","8":"product_cat-vasos-con-pajita","9":"product_cat-vasos-de-entrenamiento","10":"product_cat-vasos-entrenadores-para-ninos-pequenos","12":"first","13":"instock","14":"shipping-taxable","15":"purchasable","16":"product-type-simple"},"_links":{"self":[{"href":"https:\/\/haafer.com\/site\/wp-json\/wp\/v2\/product\/5061","targetHints":{"allow":["GET"]}}],"collection":[{"href":"https:\/\/haafer.com\/site\/wp-json\/wp\/v2\/product"}],"about":[{"href":"https:\/\/haafer.com\/site\/wp-json\/wp\/v2\/types\/product"}],"replies":[{"embeddable":true,"href":"https:\/\/haafer.com\/site\/wp-json\/wp\/v2\/comments?post=5061"}],"wp:featuredmedia":[{"embeddable":true,"href":"https:\/\/haafer.com\/site\/wp-json\/wp\/v2\/media\/5062"}],"wp:attachment":[{"href":"https:\/\/haafer.com\/site\/wp-json\/wp\/v2\/media?parent=5061"}],"wp:term":[{"taxonomy":"product_brand","embeddable":true,"href":"https:\/\/haafer.com\/site\/wp-json\/wp\/v2\/product_brand?post=5061"},{"taxonomy":"product_cat","embeddable":true,"href":"https:\/\/haafer.com\/site\/wp-json\/wp\/v2\/product_cat?post=5061"},{"taxonomy":"product_tag","embeddable":true,"href":"https:\/\/haafer.com\/site\/wp-json\/wp\/v2\/product_tag?post=5061"}],"curies":[{"name":"wp","href":"https:\/\/api.w.org\/{rel}","templated":true}]}}