{"id":5390,"date":"2023-05-27T00:29:57","date_gmt":"2023-05-27T03:29:57","guid":{"rendered":"https:\/\/haafer.com\/site\/?post_type=product&#038;p=5390"},"modified":"2026-02-14T18:49:29","modified_gmt":"2026-02-14T21:49:29","slug":"cubiertos-inoxidables-18m-x2-unid","status":"publish","type":"product","link":"https:\/\/haafer.com\/site\/producto\/cubiertos-inoxidables-18m-x2-unid\/","title":{"rendered":"CUBIERTOS INOXIDABLES +18M x2 unid"},"content":{"rendered":"<p>Cuchara y tenedor de Chicco ideales para los primeros intentos del ni\u00f1o de comer solo. De material inoxidable, son peque\u00f1os, ligeros y f\u00e1ciles de empu\u00f1ar \u00a1para empezar a comer como los adultos!. Con mango de pl\u00e1stico para para una mayor comodidad y sujeci\u00f3n de los cubiertos. Apto para lavavajillas. 0% BPA.<\/p>\n","protected":false},"excerpt":{"rendered":"<p>Cuchara y tenedor de Chicco ideales para los primeros intentos del ni\u00f1o de comer solo. De material inoxidable, son peque\u00f1os,<\/p>\n","protected":false},"featured_media":5391,"comment_status":"open","ping_status":"closed","template":"","meta":[],"product_brand":[],"product_cat":[209,207],"product_tag":[],"class_list":{"0":"post-5390","1":"product","2":"type-product","3":"status-publish","4":"has-post-thumbnail","6":"product_cat-accesorios-chicco","7":"product_cat-chicco","9":"first","10":"instock","11":"shipping-taxable","12":"purchasable","13":"product-type-simple"},"_links":{"self":[{"href":"https:\/\/haafer.com\/site\/wp-json\/wp\/v2\/product\/5390","targetHints":{"allow":["GET"]}}],"collection":[{"href":"https:\/\/haafer.com\/site\/wp-json\/wp\/v2\/product"}],"about":[{"href":"https:\/\/haafer.com\/site\/wp-json\/wp\/v2\/types\/product"}],"replies":[{"embeddable":true,"href":"https:\/\/haafer.com\/site\/wp-json\/wp\/v2\/comments?post=5390"}],"wp:featuredmedia":[{"embeddable":true,"href":"https:\/\/haafer.com\/site\/wp-json\/wp\/v2\/media\/5391"}],"wp:attachment":[{"href":"https:\/\/haafer.com\/site\/wp-json\/wp\/v2\/media?parent=5390"}],"wp:term":[{"taxonomy":"product_brand","embeddable":true,"href":"https:\/\/haafer.com\/site\/wp-json\/wp\/v2\/product_brand?post=5390"},{"taxonomy":"product_cat","embeddable":true,"href":"https:\/\/haafer.com\/site\/wp-json\/wp\/v2\/product_cat?post=5390"},{"taxonomy":"product_tag","embeddable":true,"href":"https:\/\/haafer.com\/site\/wp-json\/wp\/v2\/product_tag?post=5390"}],"curies":[{"name":"wp","href":"https:\/\/api.w.org\/{rel}","templated":true}]}}