{"id":5404,"date":"2023-05-27T00:42:47","date_gmt":"2023-05-27T03:42:47","guid":{"rendered":"https:\/\/haafer.com\/site\/?post_type=product&#038;p=5404"},"modified":"2026-02-14T18:45:18","modified_gmt":"2026-02-14T21:45:18","slug":"mamadera-natural-feeling-330-ml","status":"publish","type":"product","link":"https:\/\/haafer.com\/site\/producto\/mamadera-natural-feeling-330-ml\/","title":{"rendered":"MAMADERA NATURAL FEELING 330 ML"},"content":{"rendered":"<p>Mamadera 330ml Naturalfeeling<\/p>\n<p>Flujo r\u00e1pido<br \/>\nIdeal para la transici\u00f3n del pecho al biber\u00f3n y del biber\u00f3n a los semi s\u00f3lidos.<br \/>\nDoble v\u00e1lvula antic\u00f3licos.<br \/>\nTetina alargada con base amplia de silicona suave.Tapa antiderrame y medidor<\/p>\n<p>Edad: 6m+<br \/>\nMaterial: Tetina de silicona y biber\u00f3n pl\u00e1stico<\/p>\n","protected":false},"excerpt":{"rendered":"<p>Mamadera 330ml Naturalfeeling Flujo r\u00e1pido Ideal para la transici\u00f3n del pecho al biber\u00f3n y del biber\u00f3n a los semi s\u00f3lidos.<\/p>\n","protected":false},"featured_media":5405,"comment_status":"open","ping_status":"closed","template":"","meta":[],"product_brand":[],"product_cat":[207,221,210],"product_tag":[],"class_list":{"0":"post-5404","1":"product","2":"type-product","3":"status-publish","4":"has-post-thumbnail","6":"product_cat-chicco","7":"product_cat-linea-natural-feeling","8":"product_cat-mamaderas-chicco","10":"first","11":"instock","12":"shipping-taxable","13":"purchasable","14":"product-type-simple"},"_links":{"self":[{"href":"https:\/\/haafer.com\/site\/wp-json\/wp\/v2\/product\/5404","targetHints":{"allow":["GET"]}}],"collection":[{"href":"https:\/\/haafer.com\/site\/wp-json\/wp\/v2\/product"}],"about":[{"href":"https:\/\/haafer.com\/site\/wp-json\/wp\/v2\/types\/product"}],"replies":[{"embeddable":true,"href":"https:\/\/haafer.com\/site\/wp-json\/wp\/v2\/comments?post=5404"}],"wp:featuredmedia":[{"embeddable":true,"href":"https:\/\/haafer.com\/site\/wp-json\/wp\/v2\/media\/5405"}],"wp:attachment":[{"href":"https:\/\/haafer.com\/site\/wp-json\/wp\/v2\/media?parent=5404"}],"wp:term":[{"taxonomy":"product_brand","embeddable":true,"href":"https:\/\/haafer.com\/site\/wp-json\/wp\/v2\/product_brand?post=5404"},{"taxonomy":"product_cat","embeddable":true,"href":"https:\/\/haafer.com\/site\/wp-json\/wp\/v2\/product_cat?post=5404"},{"taxonomy":"product_tag","embeddable":true,"href":"https:\/\/haafer.com\/site\/wp-json\/wp\/v2\/product_tag?post=5404"}],"curies":[{"name":"wp","href":"https:\/\/api.w.org\/{rel}","templated":true}]}}