{"id":5429,"date":"2023-05-27T10:40:33","date_gmt":"2023-05-27T13:40:33","guid":{"rendered":"https:\/\/haafer.com\/site\/?post_type=product&#038;p=5429"},"modified":"2026-02-14T18:41:01","modified_gmt":"2026-02-14T21:41:01","slug":"mordillo-fresh-mono-perezoso-4m","status":"publish","type":"product","link":"https:\/\/haafer.com\/site\/producto\/mordillo-fresh-mono-perezoso-4m\/","title":{"rendered":"MORDILLO FRESH &#8211; MONO &#038; PEREZOSO 4m+"},"content":{"rendered":"<p>El mordillo perfecto para cada necesidad y cada etapa de la dentici\u00f3n<\/p>\n<p>Los mordillos Chicco ofrecen m\u00faltiples sensaciones, cuidan las enc\u00edas y favorecen el crecimiento fisiol\u00f3gico de los dientes, porque est\u00e1n dise\u00f1ados para llegar a todas las zonas de la boca,gracias a las diferentes formas, materiales y texturas, desarrollan adem\u00e1s la motricidad fina. Mordillo fresh alivia el dolor provocado por la dentici\u00f3n y refresca las enc\u00edas del beb\u00e9.<\/p>\n<p>\u2022Mordillo con agua<\/p>\n<p>\u2022Forma ergon\u00f3mica para alcanzar toda la boca.<\/p>\n<p>\u2022Forma intuitivaf\u00e1cil de agarrar.<\/p>\n<p>\u2022Calma el dolor inicial de dentici\u00f3n y refresca las enc\u00edas.<\/p>\n<p>\u2022Puede ser enfriado solo en heladera. No colocar en el freezer ni congelador.<\/p>\n<p>Esterilizar en fr\u00edo<\/p>\n","protected":false},"excerpt":{"rendered":"<p>El mordillo perfecto para cada necesidad y cada etapa de la dentici\u00f3n Los mordillos Chicco ofrecen m\u00faltiples sensaciones, cuidan las<\/p>\n","protected":false},"featured_media":5432,"comment_status":"open","ping_status":"closed","template":"","meta":[],"product_brand":[],"product_cat":[207,213],"product_tag":[],"class_list":{"0":"post-5429","1":"product","2":"type-product","3":"status-publish","4":"has-post-thumbnail","6":"product_cat-chicco","7":"product_cat-mordillos-chicco","9":"first","10":"instock","11":"shipping-taxable","12":"purchasable","13":"product-type-simple"},"_links":{"self":[{"href":"https:\/\/haafer.com\/site\/wp-json\/wp\/v2\/product\/5429","targetHints":{"allow":["GET"]}}],"collection":[{"href":"https:\/\/haafer.com\/site\/wp-json\/wp\/v2\/product"}],"about":[{"href":"https:\/\/haafer.com\/site\/wp-json\/wp\/v2\/types\/product"}],"replies":[{"embeddable":true,"href":"https:\/\/haafer.com\/site\/wp-json\/wp\/v2\/comments?post=5429"}],"wp:featuredmedia":[{"embeddable":true,"href":"https:\/\/haafer.com\/site\/wp-json\/wp\/v2\/media\/5432"}],"wp:attachment":[{"href":"https:\/\/haafer.com\/site\/wp-json\/wp\/v2\/media?parent=5429"}],"wp:term":[{"taxonomy":"product_brand","embeddable":true,"href":"https:\/\/haafer.com\/site\/wp-json\/wp\/v2\/product_brand?post=5429"},{"taxonomy":"product_cat","embeddable":true,"href":"https:\/\/haafer.com\/site\/wp-json\/wp\/v2\/product_cat?post=5429"},{"taxonomy":"product_tag","embeddable":true,"href":"https:\/\/haafer.com\/site\/wp-json\/wp\/v2\/product_tag?post=5429"}],"curies":[{"name":"wp","href":"https:\/\/api.w.org\/{rel}","templated":true}]}}