{"id":5467,"date":"2023-05-29T15:54:05","date_gmt":"2023-05-29T18:54:05","guid":{"rendered":"https:\/\/haafer.com\/site\/?post_type=product&#038;p=5467"},"modified":"2024-07-30T17:40:47","modified_gmt":"2024-07-30T20:40:47","slug":"chupete-nuk-signature-18-36-meses-x1-colores-surtidos","status":"publish","type":"product","link":"https:\/\/haafer.com\/site\/producto\/chupete-nuk-signature-18-36-meses-x1-colores-surtidos\/","title":{"rendered":"Chupete Nuk Signature 18-36 meses x1 Colores Surtidos"},"content":{"rendered":"<p>\u00bfQu\u00e9 incluye tu compra?<br \/>\n1 CHUPETE SIGNATURE NUK con dise\u00f1o delicado y colores tenues ideal para beb\u00e9s entre 18 y 36 meses.<\/p>\n<p>El chupete NUK Signature es tan plano, delgado y estrecho que se adapta muy bien a las bocas peque\u00f1as y deja suficiente espacio en la lengua para los movimientos naturales de succi\u00f3n. El 100% de los ortodoncistas reconocen que esta es la forma correcta y confirman que los chupetes NUK no causan dientes torcidos o desalineaci\u00f3n de la mand\u00edbula.<\/p>\n<p>Pero ahora el popular chupete NUK tiene un nuevo aspecto maravilloso, suavizando la forma fluida del famoso escudo en forma de coraz\u00f3n y d\u00e1ndole al encantador anillo una actualizaci\u00f3n de moda. Haciendo que esa carita se vea a\u00fan m\u00e1s linda.<\/p>\n<p>Acerca de tu Chupete Nuk Signature:<br \/>\n\u2013 Formato original NUK mejorado: basado en la forma del pez\u00f3n materno al amamantar.<\/p>\n<p>\u2013 Cuello de la tetina m\u00e1s delgado y angosto: reduce la presi\u00f3n sobre las mand\u00edbulas y los dientes<\/p>\n<p>\u2013 Tetina plana y parte inferior lisa: m\u00e1s espacio para movimientos naturales de la lengua al succionar<\/p>\n<p>\u2013 Estuche doble apto para transporte y esterilizaci\u00f3n<\/p>\n<p>\u2013 Sustentable: NUK Chupete con estuche reutilizable<\/p>\n","protected":false},"excerpt":{"rendered":"<p>\u00bfQu\u00e9 incluye tu compra? 1 CHUPETE SIGNATURE NUK con dise\u00f1o delicado y colores tenues ideal para beb\u00e9s entre 18 y<\/p>\n","protected":false},"featured_media":5469,"comment_status":"open","ping_status":"closed","template":"","meta":[],"product_brand":[],"product_cat":[126,102],"product_tag":[],"class_list":{"0":"post-5467","1":"product","2":"type-product","3":"status-publish","4":"has-post-thumbnail","6":"product_cat-chupetes-y-accesorios","7":"product_cat-nuk","9":"first","10":"instock","11":"shipping-taxable","12":"purchasable","13":"product-type-simple"},"_links":{"self":[{"href":"https:\/\/haafer.com\/site\/wp-json\/wp\/v2\/product\/5467","targetHints":{"allow":["GET"]}}],"collection":[{"href":"https:\/\/haafer.com\/site\/wp-json\/wp\/v2\/product"}],"about":[{"href":"https:\/\/haafer.com\/site\/wp-json\/wp\/v2\/types\/product"}],"replies":[{"embeddable":true,"href":"https:\/\/haafer.com\/site\/wp-json\/wp\/v2\/comments?post=5467"}],"wp:featuredmedia":[{"embeddable":true,"href":"https:\/\/haafer.com\/site\/wp-json\/wp\/v2\/media\/5469"}],"wp:attachment":[{"href":"https:\/\/haafer.com\/site\/wp-json\/wp\/v2\/media?parent=5467"}],"wp:term":[{"taxonomy":"product_brand","embeddable":true,"href":"https:\/\/haafer.com\/site\/wp-json\/wp\/v2\/product_brand?post=5467"},{"taxonomy":"product_cat","embeddable":true,"href":"https:\/\/haafer.com\/site\/wp-json\/wp\/v2\/product_cat?post=5467"},{"taxonomy":"product_tag","embeddable":true,"href":"https:\/\/haafer.com\/site\/wp-json\/wp\/v2\/product_tag?post=5467"}],"curies":[{"name":"wp","href":"https:\/\/api.w.org\/{rel}","templated":true}]}}