{"id":5488,"date":"2023-05-29T16:28:29","date_gmt":"2023-05-29T19:28:29","guid":{"rendered":"https:\/\/haafer.com\/site\/?post_type=product&#038;p=5488"},"modified":"2025-12-01T15:51:13","modified_gmt":"2025-12-01T18:51:13","slug":"mamadera-fc-300ml-control-temperatura-jirafa","status":"publish","type":"product","link":"https:\/\/haafer.com\/site\/producto\/mamadera-fc-300ml-control-temperatura-jirafa\/","title":{"rendered":"Mamadera FC+ 300ml Control Temperatura Jirafa"},"content":{"rendered":"<p>Control de Temperatura<br \/>\nLa Mamadera Nuk First Choice+ 150ml cuenta con la tecnolog\u00eda de Control de Temperatura que garantiza que la leche o la f\u00f3rmula se mantengan a la temperatura adecuada para el beb\u00e9. Esta caracter\u00edstica es especialmente \u00fatil para los padres que quieren asegurarse de que su beb\u00e9 reciba la leche a la temperatura correcta en todo momento. Con la Mamadera Nuk First Choice+ 150ml, no tienes que preocuparte por enfriar o calentar la leche antes de cada alimentaci\u00f3n. Esta mamadera hace el trabajo por ti.<\/p>\n<p>Sistema antic\u00f3licos<br \/>\nLa Mamadera Nuk First Choice+ 150ml Control de Temperatura est\u00e1 dise\u00f1ada con un sistema antic\u00f3licos que ayuda a reducir el riesgo de c\u00f3licos en los beb\u00e9s. El sistema consiste en una v\u00e1lvula que permite que el aire entre en la mamadera mientras el beb\u00e9 se alimenta. Esto ayuda a prevenir la acumulaci\u00f3n de aire en el est\u00f3mago del beb\u00e9, lo que puede causar c\u00f3licos y malestar. La Mamadera Nuk First Choice+ 150ml es una excelente opci\u00f3n para los padres que buscan una soluci\u00f3n eficaz para prevenir los c\u00f3licos en su beb\u00e9.<\/p>\n<p>F\u00e1cil armado y limpieza<br \/>\nLa Mamadera Nuk First Choice+ 150ml es f\u00e1cil de armar y desarmar, lo que facilita la limpieza y el mantenimiento. Con su cuello ancho, los padres pueden acceder f\u00e1cilmente a todas las partes de la mamadera para una limpieza profunda. Adem\u00e1s, su dise\u00f1o ergon\u00f3mico hace que sea f\u00e1cil de sostener y usar, lo que es especialmente \u00fatil para los padres primerizos que pueden sentirse inc\u00f3modos al sostener una mamadera por primera vez. Con su velocidad de flujo medio, la Mamadera Nuk First Choice+ 150ml es la opci\u00f3n perfecta para los beb\u00e9s que necesitan una alimentaci\u00f3n m\u00e1s lenta y constante.<\/p>\n","protected":false},"excerpt":{"rendered":"<p>Control de Temperatura La Mamadera Nuk First Choice+ 150ml cuenta con la tecnolog\u00eda de Control de Temperatura que garantiza que<\/p>\n","protected":false},"featured_media":5493,"comment_status":"open","ping_status":"closed","template":"","meta":[],"product_brand":[],"product_cat":[134,124,102],"product_tag":[],"class_list":{"0":"post-5488","1":"product","2":"type-product","3":"status-publish","4":"has-post-thumbnail","6":"product_cat-mamaderas","7":"product_cat-mamaderas-y-accesorios","8":"product_cat-nuk","10":"first","11":"instock","12":"shipping-taxable","13":"purchasable","14":"product-type-simple"},"_links":{"self":[{"href":"https:\/\/haafer.com\/site\/wp-json\/wp\/v2\/product\/5488","targetHints":{"allow":["GET"]}}],"collection":[{"href":"https:\/\/haafer.com\/site\/wp-json\/wp\/v2\/product"}],"about":[{"href":"https:\/\/haafer.com\/site\/wp-json\/wp\/v2\/types\/product"}],"replies":[{"embeddable":true,"href":"https:\/\/haafer.com\/site\/wp-json\/wp\/v2\/comments?post=5488"}],"wp:featuredmedia":[{"embeddable":true,"href":"https:\/\/haafer.com\/site\/wp-json\/wp\/v2\/media\/5493"}],"wp:attachment":[{"href":"https:\/\/haafer.com\/site\/wp-json\/wp\/v2\/media?parent=5488"}],"wp:term":[{"taxonomy":"product_brand","embeddable":true,"href":"https:\/\/haafer.com\/site\/wp-json\/wp\/v2\/product_brand?post=5488"},{"taxonomy":"product_cat","embeddable":true,"href":"https:\/\/haafer.com\/site\/wp-json\/wp\/v2\/product_cat?post=5488"},{"taxonomy":"product_tag","embeddable":true,"href":"https:\/\/haafer.com\/site\/wp-json\/wp\/v2\/product_tag?post=5488"}],"curies":[{"name":"wp","href":"https:\/\/api.w.org\/{rel}","templated":true}]}}