{"id":5502,"date":"2023-05-29T16:49:25","date_gmt":"2023-05-29T19:49:25","guid":{"rendered":"https:\/\/haafer.com\/site\/?post_type=product&#038;p=5502"},"modified":"2024-07-30T17:31:40","modified_gmt":"2024-07-30T20:31:40","slug":"10730169nuk-set-de-2-chup-star-dia-noche-t1-gato-rosa","status":"publish","type":"product","link":"https:\/\/haafer.com\/site\/producto\/10730169nuk-set-de-2-chup-star-dia-noche-t1-gato-rosa\/","title":{"rendered":"NUK Set de 2 Chup. Star D\u00eda &#038; Noche T1 Gato Rosa"},"content":{"rendered":"<p>\u00bfQu\u00e9 incluye tu compra?<br \/>\n\u2013Chupetes Nuk Star Day And Night Set 2 Unidades Dia Y Noche con dise\u00f1os de animalitos super tiernos ideal para beb\u00e9s reci\u00e9n nacidos hasta los 6 meses.<\/p>\n<p>\u2022 Especialmente dise\u00f1ado para la piel sensible de los beb\u00e9s<br \/>\n\u2022 M\u00e1xima circulaci\u00f3n de aire gracias a los orificios de ventilaci\u00f3n extragrandes<br \/>\n\u2022 Uno de los chupetes tiene aro de seguridad con efecto de brillo en la oscuridad \u2013 material luminoso inofensivo<br \/>\n\u2022 Cuello de la tetina m\u00e1s delgado y estrecho: reduce la presi\u00f3n sobre las mand\u00edbulas y los dientes<br \/>\n\u2022 Tetina m\u00e1s plana y parte inferior m\u00e1s suave que deja m\u00e1s espacio para movimientos de succi\u00f3n naturales<br \/>\n\u2022 Estuche apto para transporte y esterilizaci\u00f3n<\/p>\n<p>Gracias a su dise\u00f1o \u00fanico, el chupete NUK Star no solo es suave con la piel del beb\u00e9, tambi\u00e9n se ve muy bien. Y ahora viene con muchos motivos nuevos.<\/p>\n<p>Por supuesto, la tetina del chupete NUK Space tiene la forma original de NUK que se inspira en el pez\u00f3n de la madre mientras amamanta. Esto significa que los chupetes NUK ayudan a un desarrollo bucal saludable, son aceptados por el 95% de los beb\u00e9s y no causan confusi\u00f3n en los pezones.<\/p>\n<p>La elecci\u00f3n perfecta para salud de su hijo<br \/>\nLa Mamadera Nuk Nature Sense es una elecci\u00f3n inteligente para padres que buscan lo mejor para sus hijos. Con su sistema antic\u00f3licos y dise\u00f1o innovador, esta mamadera puede ayudar a prevenir problemas digestivos y reducir el estr\u00e9s en los beb\u00e9s. Adem\u00e1s, al ser f\u00e1cil de usar y limpiar, es perfecto para padres ocupados que buscan una soluci\u00f3n sin complicaciones para la alimentaci\u00f3n de sus hijos.<\/p>\n","protected":false},"excerpt":{"rendered":"<p>\u00bfQu\u00e9 incluye tu compra? \u2013Chupetes Nuk Star Day And Night Set 2 Unidades Dia Y Noche con dise\u00f1os de animalitos<\/p>\n","protected":false},"featured_media":5507,"comment_status":"open","ping_status":"closed","template":"","meta":[],"product_brand":[],"product_cat":[141,126,102],"product_tag":[],"class_list":{"0":"post-5502","1":"product","2":"type-product","3":"status-publish","4":"has-post-thumbnail","6":"product_cat-chupetes-de-silicona","7":"product_cat-chupetes-y-accesorios","8":"product_cat-nuk","10":"first","11":"instock","12":"shipping-taxable","13":"purchasable","14":"product-type-simple"},"_links":{"self":[{"href":"https:\/\/haafer.com\/site\/wp-json\/wp\/v2\/product\/5502","targetHints":{"allow":["GET"]}}],"collection":[{"href":"https:\/\/haafer.com\/site\/wp-json\/wp\/v2\/product"}],"about":[{"href":"https:\/\/haafer.com\/site\/wp-json\/wp\/v2\/types\/product"}],"replies":[{"embeddable":true,"href":"https:\/\/haafer.com\/site\/wp-json\/wp\/v2\/comments?post=5502"}],"wp:featuredmedia":[{"embeddable":true,"href":"https:\/\/haafer.com\/site\/wp-json\/wp\/v2\/media\/5507"}],"wp:attachment":[{"href":"https:\/\/haafer.com\/site\/wp-json\/wp\/v2\/media?parent=5502"}],"wp:term":[{"taxonomy":"product_brand","embeddable":true,"href":"https:\/\/haafer.com\/site\/wp-json\/wp\/v2\/product_brand?post=5502"},{"taxonomy":"product_cat","embeddable":true,"href":"https:\/\/haafer.com\/site\/wp-json\/wp\/v2\/product_cat?post=5502"},{"taxonomy":"product_tag","embeddable":true,"href":"https:\/\/haafer.com\/site\/wp-json\/wp\/v2\/product_tag?post=5502"}],"curies":[{"name":"wp","href":"https:\/\/api.w.org\/{rel}","templated":true}]}}