{"id":5566,"date":"2023-05-29T19:44:35","date_gmt":"2023-05-29T22:44:35","guid":{"rendered":"https:\/\/haafer.com\/site\/?post_type=product&#038;p=5566"},"modified":"2025-12-01T15:02:37","modified_gmt":"2025-12-01T18:02:37","slug":"tetina-nuk-for-nature-flujo-s-3-orif-leche-materna","status":"publish","type":"product","link":"https:\/\/haafer.com\/site\/producto\/tetina-nuk-for-nature-flujo-s-3-orif-leche-materna\/","title":{"rendered":"Tetina NUK for Nature Flujo S (3 orif. Leche materna)-"},"content":{"rendered":"<p>Descripci\u00f3n<br \/>\nTetina NUK Nature Sense, de silicona, similar al pez\u00f3n materno<br \/>\nEspecialmente en los primeros meses de vida, prestamos especial atenci\u00f3n a la correcta alimentaci\u00f3n de nuestros beb\u00e9s. M\u00e1s a\u00fan cuando debemos recurrir a una mamadera en combinaci\u00f3n con la lactancia natural o en su reemplazo. Este punto puede ser un desaf\u00edo para algunas madres. Para apoyarlas en esta fase sensible, nos hemos dejado inspirar por la naturaleza y hemos desarrollado una tetina que es tan similar al pecho materno como nunca antes: \u00a1la tetina NUK Nature Sense! Esta innovaci\u00f3n, que tiene varios orificios peque\u00f1os en lugar de uno solo, asegura un flujo suave y natural para el beb\u00e9. De esta forma, el peque\u00f1o se siente completamente seguro y, como resultado, puede aceptar la mamadera m\u00e1s f\u00e1cilmente.<br \/>\n\u2013 Inspirado en la naturaleza: lo que hace que esta tetina sea tan especial<br \/>\n\u2013 No importa si deseas complementar un alimento o dejar de amamantar, a muchos beb\u00e9s les resulta dif\u00edcil acostumbrarse a una mamadera. Aqu\u00ed es exactamente cuando entra en juego la tetina NUK Nature Sense, junto con sus peque\u00f1os orificios, que, al igual que los conductos mamarios, aseguran un flujo suave y natural. La tetina tiene un apoyo labial extra ancho y flexible que permite que el beb\u00e9 se prenda naturalmente. La innovadora V\u00e1lvula Anti-C\u00f3lico le permite al beb\u00e9 beber sin pausa y ayuda a prevenir la ingesta de aire. Tambi\u00e9n recurrimos al ejemplo de la naturaleza para desarrollar la punta extra suave de la tetina, que es particularmente flexible y se adapta a la boca de una manera similar al pez\u00f3n.<\/p>\n","protected":false},"excerpt":{"rendered":"<p>Descripci\u00f3n Tetina NUK Nature Sense, de silicona, similar al pez\u00f3n materno Especialmente en los primeros meses de vida, prestamos especial<\/p>\n","protected":false},"featured_media":5568,"comment_status":"open","ping_status":"closed","template":"","meta":[],"product_brand":[],"product_cat":[124,102,135],"product_tag":[],"class_list":{"0":"post-5566","1":"product","2":"type-product","3":"status-publish","4":"has-post-thumbnail","6":"product_cat-mamaderas-y-accesorios","7":"product_cat-nuk","8":"product_cat-tetinas-mamaderas-y-accesorios","10":"first","11":"instock","12":"shipping-taxable","13":"purchasable","14":"product-type-simple"},"_links":{"self":[{"href":"https:\/\/haafer.com\/site\/wp-json\/wp\/v2\/product\/5566","targetHints":{"allow":["GET"]}}],"collection":[{"href":"https:\/\/haafer.com\/site\/wp-json\/wp\/v2\/product"}],"about":[{"href":"https:\/\/haafer.com\/site\/wp-json\/wp\/v2\/types\/product"}],"replies":[{"embeddable":true,"href":"https:\/\/haafer.com\/site\/wp-json\/wp\/v2\/comments?post=5566"}],"wp:featuredmedia":[{"embeddable":true,"href":"https:\/\/haafer.com\/site\/wp-json\/wp\/v2\/media\/5568"}],"wp:attachment":[{"href":"https:\/\/haafer.com\/site\/wp-json\/wp\/v2\/media?parent=5566"}],"wp:term":[{"taxonomy":"product_brand","embeddable":true,"href":"https:\/\/haafer.com\/site\/wp-json\/wp\/v2\/product_brand?post=5566"},{"taxonomy":"product_cat","embeddable":true,"href":"https:\/\/haafer.com\/site\/wp-json\/wp\/v2\/product_cat?post=5566"},{"taxonomy":"product_tag","embeddable":true,"href":"https:\/\/haafer.com\/site\/wp-json\/wp\/v2\/product_tag?post=5566"}],"curies":[{"name":"wp","href":"https:\/\/api.w.org\/{rel}","templated":true}]}}