{"id":5667,"date":"2024-08-01T15:01:08","date_gmt":"2024-08-01T18:01:08","guid":{"rendered":"https:\/\/haafer.com\/site\/?post_type=product&#038;p=5667"},"modified":"2025-03-30T18:12:32","modified_gmt":"2025-03-30T21:12:32","slug":"chupete-philips-avent-ultra-air-0-6-m","status":"publish","type":"product","link":"https:\/\/haafer.com\/site\/producto\/chupete-philips-avent-ultra-air-0-6-m\/","title":{"rendered":"Chupete Philips Avent Ultra Air 0-6 M"},"content":{"rendered":"<p>Los orificios de ventilaci\u00f3n de gran tama\u00f1o permiten que la piel respire<br \/>\nTranquilice a su beb\u00e9 con un chupete que permite que su piel respire. La colecci\u00f3n ultra air de Philips Avent tiene orificios de gran tama\u00f1o para mantener la piel seca. Su cubierta liviana est\u00e1 dise\u00f1ada para un flujo m\u00e1ximo de aire. Est\u00e1 disponible en varios colores y dise\u00f1os.<\/p>\n<p>Permite que la piel de su beb\u00e9 respire<br \/>\nEntre 0 y 6 meses<br \/>\nAnat\u00f3micos y sin BPA<br \/>\nPaquete de 1<\/p>\n","protected":false},"excerpt":{"rendered":"<p>Los orificios de ventilaci\u00f3n de gran tama\u00f1o permiten que la piel respire Tranquilice a su beb\u00e9 con un chupete que<\/p>\n","protected":false},"featured_media":5677,"comment_status":"open","ping_status":"closed","template":"","meta":[],"product_brand":[],"product_cat":[114,113,100],"product_tag":[],"class_list":{"0":"post-5667","1":"product","2":"type-product","3":"status-publish","4":"has-post-thumbnail","6":"product_cat-chupetes","7":"product_cat-chupetes-y-mordillos","8":"product_cat-philips-avent","10":"first","11":"outofstock","12":"shipping-taxable","13":"purchasable","14":"product-type-simple"},"_links":{"self":[{"href":"https:\/\/haafer.com\/site\/wp-json\/wp\/v2\/product\/5667","targetHints":{"allow":["GET"]}}],"collection":[{"href":"https:\/\/haafer.com\/site\/wp-json\/wp\/v2\/product"}],"about":[{"href":"https:\/\/haafer.com\/site\/wp-json\/wp\/v2\/types\/product"}],"replies":[{"embeddable":true,"href":"https:\/\/haafer.com\/site\/wp-json\/wp\/v2\/comments?post=5667"}],"wp:featuredmedia":[{"embeddable":true,"href":"https:\/\/haafer.com\/site\/wp-json\/wp\/v2\/media\/5677"}],"wp:attachment":[{"href":"https:\/\/haafer.com\/site\/wp-json\/wp\/v2\/media?parent=5667"}],"wp:term":[{"taxonomy":"product_brand","embeddable":true,"href":"https:\/\/haafer.com\/site\/wp-json\/wp\/v2\/product_brand?post=5667"},{"taxonomy":"product_cat","embeddable":true,"href":"https:\/\/haafer.com\/site\/wp-json\/wp\/v2\/product_cat?post=5667"},{"taxonomy":"product_tag","embeddable":true,"href":"https:\/\/haafer.com\/site\/wp-json\/wp\/v2\/product_tag?post=5667"}],"curies":[{"name":"wp","href":"https:\/\/api.w.org\/{rel}","templated":true}]}}