{"id":5692,"date":"2024-08-01T15:23:22","date_gmt":"2024-08-01T18:23:22","guid":{"rendered":"https:\/\/haafer.com\/site\/?post_type=product&#038;p=5692"},"modified":"2024-12-18T14:21:39","modified_gmt":"2024-12-18T17:21:39","slug":"mamaderas-anticolic-refresh-philips-avent-260ml-x2","status":"publish","type":"product","link":"https:\/\/haafer.com\/site\/producto\/mamaderas-anticolic-refresh-philips-avent-260ml-x2\/","title":{"rendered":"Mamaderas Anticolic Refresh Philips Avent 260ml x2"},"content":{"rendered":"<p>Biber\u00f3n antic\u00f3licos<\/p>\n<p>Se ha demostrado cl\u00ednicamente que reduce c\u00f3licos y molestias<\/p>\n<p>La tetina texturizada y el sistema de v\u00e1lvulas antic\u00f3licos del biber\u00f3n se dise\u00f1aron para reducir las interrupciones en la alimentaci\u00f3n y la sensaci\u00f3n de incomodidad. Gracias a su v\u00e1lvula antic\u00f3licos integrada, el aire circula por el biber\u00f3n y lo mantiene lejos de la pancita del beb\u00e9.<\/p>\n<p>Dise\u00f1ado para una alimentaci\u00f3n ininterrumpida<\/p>\n<p>&#8211; 1 biber\u00f3n<br \/>\n&#8211; 260 ml<br \/>\n&#8211; Tetina Flow 2<br \/>\n&#8211; 1 m+<\/p>\n<p>Exclusiva v\u00e1lvula antic\u00f3licos dise\u00f1ada para reducir la ingesta de aire Nuestra v\u00e1lvula antic\u00f3licos cl\u00ednicamente probada* est\u00e1 dise\u00f1ada para reducir los c\u00f3licos y gases. En los estudios cl\u00ednicos, se ha demostrado que el biber\u00f3n Philips Avent reduce los c\u00f3licos y el malestar. Este se reduce significativamente por la noche, ya que los beb\u00e9s alimentados con biberones antic\u00f3licos Philips Avent experimentaron un 60% menos de malestar que los beb\u00e9s alimentados con biberones con abertura de la competencia.<\/p>\n<p>La textura acanalada evita el colapso, para lograr una alimentaci\u00f3n ininterrumpida.<br \/>\nLa forma de la tetina permite un agarre seguro y la textura acanalada evita la contracci\u00f3n de esta, lo que brinda una alimentaci\u00f3n c\u00f3moda e ininterrumpida.<\/p>\n<p>Tetina dise\u00f1ada para un agarre seguro<br \/>\nEl dise\u00f1o de la tetina evita que esta se contraiga, para un cierre seguro y una alimentaci\u00f3n ininterrumpida.<\/p>\n<p>F\u00e1cil de limpiar y armar con menos piezas<br \/>\nNuestro biber\u00f3n antic\u00f3licos tiene pocas piezas para armarlo de forma r\u00e1pida y sencilla.<\/p>\n<p>F\u00e1cil de manejar<br \/>\nLa exclusiva forma del biber\u00f3n permite que sea f\u00e1cil de sujetar y sostener en cualquier direcci\u00f3n.<\/p>\n<p>Biber\u00f3n de cuello ancho con borde redondeado para facilitar la limpieza<br \/>\nCon su cuello ancho y menos piezas, nuestro biber\u00f3n es m\u00e1s f\u00e1cil de armar y limpiar de forma r\u00e1pida y minuciosa.<\/p>\n<p>Este biber\u00f3n no contiene BPA<br \/>\nEl biber\u00f3n antic\u00f3licos Philips Avent est\u00e1 fabricado con materiales sin BPA (PP).<\/p>\n<p>Dise\u00f1o antigoteo<br \/>\nDise\u00f1amos nuestro biber\u00f3n antic\u00f3licos para evitar las filtraciones durante la alimentaci\u00f3n y as\u00ed disfrutar de una experiencia realmente agradable.<\/p>\n","protected":false},"excerpt":{"rendered":"<p>Biber\u00f3n antic\u00f3licos Se ha demostrado cl\u00ednicamente que reduce c\u00f3licos y molestias La tetina texturizada y el sistema de v\u00e1lvulas antic\u00f3licos<\/p>\n","protected":false},"featured_media":5702,"comment_status":"open","ping_status":"closed","template":"","meta":[],"product_brand":[],"product_cat":[71,60,100],"product_tag":[],"class_list":{"0":"post-5692","1":"product","2":"type-product","3":"status-publish","4":"has-post-thumbnail","6":"product_cat-mamaderas-anticolicos","7":"product_cat-mamaderas-tetinas","8":"product_cat-philips-avent","10":"first","11":"instock","12":"shipping-taxable","13":"purchasable","14":"product-type-simple"},"_links":{"self":[{"href":"https:\/\/haafer.com\/site\/wp-json\/wp\/v2\/product\/5692","targetHints":{"allow":["GET"]}}],"collection":[{"href":"https:\/\/haafer.com\/site\/wp-json\/wp\/v2\/product"}],"about":[{"href":"https:\/\/haafer.com\/site\/wp-json\/wp\/v2\/types\/product"}],"replies":[{"embeddable":true,"href":"https:\/\/haafer.com\/site\/wp-json\/wp\/v2\/comments?post=5692"}],"wp:featuredmedia":[{"embeddable":true,"href":"https:\/\/haafer.com\/site\/wp-json\/wp\/v2\/media\/5702"}],"wp:attachment":[{"href":"https:\/\/haafer.com\/site\/wp-json\/wp\/v2\/media?parent=5692"}],"wp:term":[{"taxonomy":"product_brand","embeddable":true,"href":"https:\/\/haafer.com\/site\/wp-json\/wp\/v2\/product_brand?post=5692"},{"taxonomy":"product_cat","embeddable":true,"href":"https:\/\/haafer.com\/site\/wp-json\/wp\/v2\/product_cat?post=5692"},{"taxonomy":"product_tag","embeddable":true,"href":"https:\/\/haafer.com\/site\/wp-json\/wp\/v2\/product_tag?post=5692"}],"curies":[{"name":"wp","href":"https:\/\/api.w.org\/{rel}","templated":true}]}}