{"id":5713,"date":"2024-08-01T16:03:49","date_gmt":"2024-08-01T19:03:49","guid":{"rendered":"https:\/\/haafer.com\/site\/?post_type=product&#038;p=5713"},"modified":"2025-11-22T10:20:21","modified_gmt":"2025-11-22T13:20:21","slug":"philips-avent-natural-response","status":"publish","type":"product","link":"https:\/\/haafer.com\/site\/producto\/philips-avent-natural-response\/","title":{"rendered":"Philips Avent Natural Response Philis Avent X 125 ml"},"content":{"rendered":"<p>La tetina libera leche cuando el beb\u00e9 traga de forma activa<br \/>\nLa tetina de respuesta natural coopera con el ritmo de alimentaci\u00f3n natural del beb\u00e9, lo que permite combinar la lactancia materna y la alimentaci\u00f3n con biber\u00f3n con facilidad. La tetina tiene una abertura \u00fanica que solo libera leche cuando el beb\u00e9 traga de forma activa. Por lo tanto, cuando hace una pausa para tragar y respirar, el flujo de leche tambi\u00e9n se detiene.<\/p>\n<p>Sujeci\u00f3n natural con tetina en forma de pecho<br \/>\nLa tetina ancha, suave y flexible est\u00e1 dise\u00f1ada para imitar la forma y la sensaci\u00f3n de un pecho, lo que ayuda a que el beb\u00e9 se sujete de forma natural y se alimente c\u00f3modamente.<\/p>\n<p>Es importante encontrar la tetina correcta<br \/>\nSi su beb\u00e9 reci\u00e9n nacido no est\u00e1 tomando suficiente leche de forma constante durante las sesiones de alimentaci\u00f3n o tiene complicaciones en la obtenci\u00f3n de leche, cambie a una tetina con una mayor velocidad de flujo. Si se presentan problemas persistentes de alimentaci\u00f3n, consulte a un profesional de la salud.<\/p>\n","protected":false},"excerpt":{"rendered":"<p>La tetina libera leche cuando el beb\u00e9 traga de forma activa La tetina de respuesta natural coopera con el ritmo<\/p>\n","protected":false},"featured_media":5723,"comment_status":"open","ping_status":"closed","template":"","meta":[],"product_brand":[],"product_cat":[69,60,100],"product_tag":[],"class_list":{"0":"post-5713","1":"product","2":"type-product","3":"status-publish","4":"has-post-thumbnail","6":"product_cat-mamaderas-natural","7":"product_cat-mamaderas-tetinas","8":"product_cat-philips-avent","10":"first","11":"instock","12":"shipping-taxable","13":"purchasable","14":"product-type-simple"},"_links":{"self":[{"href":"https:\/\/haafer.com\/site\/wp-json\/wp\/v2\/product\/5713","targetHints":{"allow":["GET"]}}],"collection":[{"href":"https:\/\/haafer.com\/site\/wp-json\/wp\/v2\/product"}],"about":[{"href":"https:\/\/haafer.com\/site\/wp-json\/wp\/v2\/types\/product"}],"replies":[{"embeddable":true,"href":"https:\/\/haafer.com\/site\/wp-json\/wp\/v2\/comments?post=5713"}],"wp:featuredmedia":[{"embeddable":true,"href":"https:\/\/haafer.com\/site\/wp-json\/wp\/v2\/media\/5723"}],"wp:attachment":[{"href":"https:\/\/haafer.com\/site\/wp-json\/wp\/v2\/media?parent=5713"}],"wp:term":[{"taxonomy":"product_brand","embeddable":true,"href":"https:\/\/haafer.com\/site\/wp-json\/wp\/v2\/product_brand?post=5713"},{"taxonomy":"product_cat","embeddable":true,"href":"https:\/\/haafer.com\/site\/wp-json\/wp\/v2\/product_cat?post=5713"},{"taxonomy":"product_tag","embeddable":true,"href":"https:\/\/haafer.com\/site\/wp-json\/wp\/v2\/product_tag?post=5713"}],"curies":[{"name":"wp","href":"https:\/\/api.w.org\/{rel}","templated":true}]}}