{"id":5749,"date":"2024-08-01T16:45:30","date_gmt":"2024-08-01T19:45:30","guid":{"rendered":"https:\/\/haafer.com\/site\/?post_type=product&#038;p=5749"},"modified":"2025-06-02T11:38:08","modified_gmt":"2025-06-02T14:38:08","slug":"pulsera-perfumadas-con-citronella","status":"publish","type":"product","link":"https:\/\/haafer.com\/site\/producto\/pulsera-perfumadas-con-citronella\/","title":{"rendered":"Pulsera Perfumadas con Citronella"},"content":{"rendered":"<p>\u00a1Lleva siempre todos los colores con vos!<br \/>\nDivertida y colorida, la pulsera Chicco Natural es perfumada con citronella, adorable para llevar en las mu\u00f1ecas, en los tobillos o para hacer una cola de caballo. Su fragancia natural se basa en la Citronella. Esta testada dermatol\u00f3gicamente y es apta para toda la familia. \u00a1Lleva siempre todos los colores con vos!<\/p>\n<p>Instrucciones de uso: sacar la pulsera de la bolsa y poner en la mu\u00f1eca, en el tobillo o utilizarla para hacerse una coleta en el pelo. Cuando no la utilice, gu\u00e1rdela en la bolsa de cierre herm\u00e9tico, esto ayudar\u00e1 a mantener el aroma durante m\u00e1s tiempo.<\/p>\n<p>A partir de los 3 a\u00f1os de edad.<\/p>\n","protected":false},"excerpt":{"rendered":"<p>\u00a1Lleva siempre todos los colores con vos! Divertida y colorida, la pulsera Chicco Natural es perfumada con citronella, adorable para<\/p>\n","protected":false},"featured_media":5759,"comment_status":"open","ping_status":"closed","template":"","meta":[],"product_brand":[],"product_cat":[209,207],"product_tag":[],"class_list":{"0":"post-5749","1":"product","2":"type-product","3":"status-publish","4":"has-post-thumbnail","6":"product_cat-accesorios-chicco","7":"product_cat-chicco","9":"first","10":"outofstock","11":"shipping-taxable","12":"purchasable","13":"product-type-simple"},"_links":{"self":[{"href":"https:\/\/haafer.com\/site\/wp-json\/wp\/v2\/product\/5749","targetHints":{"allow":["GET"]}}],"collection":[{"href":"https:\/\/haafer.com\/site\/wp-json\/wp\/v2\/product"}],"about":[{"href":"https:\/\/haafer.com\/site\/wp-json\/wp\/v2\/types\/product"}],"replies":[{"embeddable":true,"href":"https:\/\/haafer.com\/site\/wp-json\/wp\/v2\/comments?post=5749"}],"wp:featuredmedia":[{"embeddable":true,"href":"https:\/\/haafer.com\/site\/wp-json\/wp\/v2\/media\/5759"}],"wp:attachment":[{"href":"https:\/\/haafer.com\/site\/wp-json\/wp\/v2\/media?parent=5749"}],"wp:term":[{"taxonomy":"product_brand","embeddable":true,"href":"https:\/\/haafer.com\/site\/wp-json\/wp\/v2\/product_brand?post=5749"},{"taxonomy":"product_cat","embeddable":true,"href":"https:\/\/haafer.com\/site\/wp-json\/wp\/v2\/product_cat?post=5749"},{"taxonomy":"product_tag","embeddable":true,"href":"https:\/\/haafer.com\/site\/wp-json\/wp\/v2\/product_tag?post=5749"}],"curies":[{"name":"wp","href":"https:\/\/api.w.org\/{rel}","templated":true}]}}