{"id":5751,"date":"2024-08-01T16:45:30","date_gmt":"2024-08-01T19:45:30","guid":{"rendered":"https:\/\/haafer.com\/site\/?post_type=product&#038;p=5751"},"modified":"2025-06-02T11:36:55","modified_gmt":"2025-06-02T14:36:55","slug":"set-de-viaje-rosa","status":"publish","type":"product","link":"https:\/\/haafer.com\/site\/producto\/set-de-viaje-rosa\/","title":{"rendered":"Set de viaje rosa neccesaire"},"content":{"rendered":"<p>Un estuche de viaje que incluye todo lo necesario para la higiene bucal del ni\u00f1o \/a: cepillo, pasta y vaso de pl\u00e1stico<br \/>\nPr\u00e1ctico y divertido estuche perfecto para llevarte de viaje o para dejarlo en la guarder\u00eda. Este set dental incluye todo lo necesario para una buena higiene bucodental:<br \/>\nCepillo de dientes Chicco con suaves cerdas extra finas muy delicadas con las enc\u00edas, un cabezal con limpiador de lengua, un divertido capuch\u00f3n para una m\u00e1xima higiene del cepillo y una ventosa para fijarlo al lavabo.<br \/>\nPasta de dientes Chicco de fresa que elimina la placa dental sin estropear el esmalte dental de la boca de los ni\u00f1os \/as.<br \/>\nVaso colorido para usar mientras se cepilla los dientes ahorrando agua, o para guardar la pasta y el cepillo mientras no se est\u00e1 utilizando.<br \/>\nEstuche transparente con cord\u00f3n lateral para colgar o llevarlo en la mano para que no se pierda.<\/p>\n","protected":false},"excerpt":{"rendered":"<p>Un estuche de viaje que incluye todo lo necesario para la higiene bucal del ni\u00f1o \/a: cepillo, pasta y vaso<\/p>\n","protected":false},"featured_media":5761,"comment_status":"open","ping_status":"closed","template":"","meta":[],"product_brand":[],"product_cat":[209,207],"product_tag":[],"class_list":{"0":"post-5751","1":"product","2":"type-product","3":"status-publish","4":"has-post-thumbnail","6":"product_cat-accesorios-chicco","7":"product_cat-chicco","9":"first","10":"outofstock","11":"shipping-taxable","12":"purchasable","13":"product-type-simple"},"_links":{"self":[{"href":"https:\/\/haafer.com\/site\/wp-json\/wp\/v2\/product\/5751","targetHints":{"allow":["GET"]}}],"collection":[{"href":"https:\/\/haafer.com\/site\/wp-json\/wp\/v2\/product"}],"about":[{"href":"https:\/\/haafer.com\/site\/wp-json\/wp\/v2\/types\/product"}],"replies":[{"embeddable":true,"href":"https:\/\/haafer.com\/site\/wp-json\/wp\/v2\/comments?post=5751"}],"wp:featuredmedia":[{"embeddable":true,"href":"https:\/\/haafer.com\/site\/wp-json\/wp\/v2\/media\/5761"}],"wp:attachment":[{"href":"https:\/\/haafer.com\/site\/wp-json\/wp\/v2\/media?parent=5751"}],"wp:term":[{"taxonomy":"product_brand","embeddable":true,"href":"https:\/\/haafer.com\/site\/wp-json\/wp\/v2\/product_brand?post=5751"},{"taxonomy":"product_cat","embeddable":true,"href":"https:\/\/haafer.com\/site\/wp-json\/wp\/v2\/product_cat?post=5751"},{"taxonomy":"product_tag","embeddable":true,"href":"https:\/\/haafer.com\/site\/wp-json\/wp\/v2\/product_tag?post=5751"}],"curies":[{"name":"wp","href":"https:\/\/api.w.org\/{rel}","templated":true}]}}