{"id":5753,"date":"2024-08-01T16:45:30","date_gmt":"2024-08-01T19:45:30","guid":{"rendered":"https:\/\/haafer.com\/site\/?post_type=product&#038;p=5753"},"modified":"2026-02-14T18:28:19","modified_gmt":"2026-02-14T21:28:19","slug":"esterilizador-microondas-3","status":"publish","type":"product","link":"https:\/\/haafer.com\/site\/producto\/esterilizador-microondas-3\/","title":{"rendered":"Esterilizador microondas"},"content":{"rendered":"<p>Esterilizador compacto de Chicco para microondas<br \/>\nLa esterilizaci\u00f3n m\u00e1s r\u00e1pida, con el tama\u00f1o muy compacto y universal. Elimina el 99,9% de los g\u00e9rmenes da\u00f1inos en tan solo 3 minutos (a 1200W) y protege hasta 24 horas. Compacto para adaptarse a la mayor\u00eda de microondas, y con una capacidad de hasta 5 mamaderas tanto de la marca Chicco como de cualquier otra que se pueda esterilizar. Incluye pr\u00e1cticas pinzas para retirar o mover las piezas esterilizadas.<\/p>\n<p>Es muy f\u00e1cil y c\u00f3modo de usar: basta con verter 200ml de agua en la base e introducir los objetos a esterilizar.<\/p>\n<p>Esterilizaci\u00f3n pr\u00e1ctica y eficaz de mamaderas, tetinas, chupetes y otros accesorios aptos para esterilizaci\u00f3n.<\/p>\n","protected":false},"excerpt":{"rendered":"<p>Esterilizador compacto de Chicco para microondas La esterilizaci\u00f3n m\u00e1s r\u00e1pida, con el tama\u00f1o muy compacto y universal. Elimina el 99,9%<\/p>\n","protected":false},"featured_media":5763,"comment_status":"open","ping_status":"closed","template":"","meta":[],"product_brand":[],"product_cat":[207,215],"product_tag":[],"class_list":{"0":"post-5753","1":"product","2":"type-product","3":"status-publish","4":"has-post-thumbnail","6":"product_cat-chicco","7":"product_cat-higiene-chicco","9":"first","10":"instock","11":"shipping-taxable","12":"purchasable","13":"product-type-simple"},"_links":{"self":[{"href":"https:\/\/haafer.com\/site\/wp-json\/wp\/v2\/product\/5753","targetHints":{"allow":["GET"]}}],"collection":[{"href":"https:\/\/haafer.com\/site\/wp-json\/wp\/v2\/product"}],"about":[{"href":"https:\/\/haafer.com\/site\/wp-json\/wp\/v2\/types\/product"}],"replies":[{"embeddable":true,"href":"https:\/\/haafer.com\/site\/wp-json\/wp\/v2\/comments?post=5753"}],"wp:featuredmedia":[{"embeddable":true,"href":"https:\/\/haafer.com\/site\/wp-json\/wp\/v2\/media\/5763"}],"wp:attachment":[{"href":"https:\/\/haafer.com\/site\/wp-json\/wp\/v2\/media?parent=5753"}],"wp:term":[{"taxonomy":"product_brand","embeddable":true,"href":"https:\/\/haafer.com\/site\/wp-json\/wp\/v2\/product_brand?post=5753"},{"taxonomy":"product_cat","embeddable":true,"href":"https:\/\/haafer.com\/site\/wp-json\/wp\/v2\/product_cat?post=5753"},{"taxonomy":"product_tag","embeddable":true,"href":"https:\/\/haafer.com\/site\/wp-json\/wp\/v2\/product_tag?post=5753"}],"curies":[{"name":"wp","href":"https:\/\/api.w.org\/{rel}","templated":true}]}}