{"id":5769,"date":"2024-08-01T17:02:18","date_gmt":"2024-08-01T20:02:18","guid":{"rendered":"https:\/\/haafer.com\/site\/?post_type=product&#038;p=5769"},"modified":"2026-02-14T18:25:25","modified_gmt":"2026-02-14T21:25:25","slug":"mamadera-natural-feeling-vidrio-0-meses-250-ml","status":"publish","type":"product","link":"https:\/\/haafer.com\/site\/producto\/mamadera-natural-feeling-vidrio-0-meses-250-ml\/","title":{"rendered":"Mamadera Natural Feeling Vidrio 0 meses 250 ml"},"content":{"rendered":"<p>La \u00fanica l\u00ednea de mamaderas que simula una lactancia intuitiva como el pecho de la madre. Las tetinas est\u00e1n hechas de silicona extra-suave y lisa para asegurar una sensaci\u00f3n natural durante la lactancia.<\/p>\n","protected":false},"excerpt":{"rendered":"<p>La \u00fanica l\u00ednea de mamaderas que simula una lactancia intuitiva como el pecho de la madre. Las tetinas est\u00e1n hechas<\/p>\n","protected":false},"featured_media":5779,"comment_status":"open","ping_status":"closed","template":"","meta":[],"product_brand":[],"product_cat":[207,221,210],"product_tag":[],"class_list":{"0":"post-5769","1":"product","2":"type-product","3":"status-publish","4":"has-post-thumbnail","6":"product_cat-chicco","7":"product_cat-linea-natural-feeling","8":"product_cat-mamaderas-chicco","10":"first","11":"instock","12":"shipping-taxable","13":"purchasable","14":"product-type-simple"},"_links":{"self":[{"href":"https:\/\/haafer.com\/site\/wp-json\/wp\/v2\/product\/5769","targetHints":{"allow":["GET"]}}],"collection":[{"href":"https:\/\/haafer.com\/site\/wp-json\/wp\/v2\/product"}],"about":[{"href":"https:\/\/haafer.com\/site\/wp-json\/wp\/v2\/types\/product"}],"replies":[{"embeddable":true,"href":"https:\/\/haafer.com\/site\/wp-json\/wp\/v2\/comments?post=5769"}],"wp:featuredmedia":[{"embeddable":true,"href":"https:\/\/haafer.com\/site\/wp-json\/wp\/v2\/media\/5779"}],"wp:attachment":[{"href":"https:\/\/haafer.com\/site\/wp-json\/wp\/v2\/media?parent=5769"}],"wp:term":[{"taxonomy":"product_brand","embeddable":true,"href":"https:\/\/haafer.com\/site\/wp-json\/wp\/v2\/product_brand?post=5769"},{"taxonomy":"product_cat","embeddable":true,"href":"https:\/\/haafer.com\/site\/wp-json\/wp\/v2\/product_cat?post=5769"},{"taxonomy":"product_tag","embeddable":true,"href":"https:\/\/haafer.com\/site\/wp-json\/wp\/v2\/product_tag?post=5769"}],"curies":[{"name":"wp","href":"https:\/\/api.w.org\/{rel}","templated":true}]}}