{"id":5799,"date":"2024-08-01T17:36:11","date_gmt":"2024-08-01T20:36:11","guid":{"rendered":"https:\/\/haafer.com\/site\/?post_type=product&#038;p=5799"},"modified":"2025-11-30T11:44:45","modified_gmt":"2025-11-30T14:44:45","slug":"moldes-para-helado","status":"publish","type":"product","link":"https:\/\/haafer.com\/site\/producto\/moldes-para-helado\/","title":{"rendered":"Moldes para Helado"},"content":{"rendered":"<p>Para congelar pur\u00e9 de fruta, jugo o yogur como una alternativa saludable a los helados<br \/>\nPara peque\u00f1os refrigerios<br \/>\nPorciones de tama\u00f1o ideal para ni\u00f1os peque\u00f1os<br \/>\nCuatro peque\u00f1os moldes<\/p>\n","protected":false},"excerpt":{"rendered":"<p>Para congelar pur\u00e9 de fruta, jugo o yogur como una alternativa saludable a los helados Para peque\u00f1os refrigerios Porciones de<\/p>\n","protected":false},"featured_media":5860,"comment_status":"open","ping_status":"closed","template":"","meta":[],"product_brand":[],"product_cat":[102],"product_tag":[],"class_list":{"0":"post-5799","1":"product","2":"type-product","3":"status-publish","4":"has-post-thumbnail","6":"product_cat-nuk","8":"first","9":"instock","10":"shipping-taxable","11":"purchasable","12":"product-type-simple"},"_links":{"self":[{"href":"https:\/\/haafer.com\/site\/wp-json\/wp\/v2\/product\/5799","targetHints":{"allow":["GET"]}}],"collection":[{"href":"https:\/\/haafer.com\/site\/wp-json\/wp\/v2\/product"}],"about":[{"href":"https:\/\/haafer.com\/site\/wp-json\/wp\/v2\/types\/product"}],"replies":[{"embeddable":true,"href":"https:\/\/haafer.com\/site\/wp-json\/wp\/v2\/comments?post=5799"}],"wp:featuredmedia":[{"embeddable":true,"href":"https:\/\/haafer.com\/site\/wp-json\/wp\/v2\/media\/5860"}],"wp:attachment":[{"href":"https:\/\/haafer.com\/site\/wp-json\/wp\/v2\/media?parent=5799"}],"wp:term":[{"taxonomy":"product_brand","embeddable":true,"href":"https:\/\/haafer.com\/site\/wp-json\/wp\/v2\/product_brand?post=5799"},{"taxonomy":"product_cat","embeddable":true,"href":"https:\/\/haafer.com\/site\/wp-json\/wp\/v2\/product_cat?post=5799"},{"taxonomy":"product_tag","embeddable":true,"href":"https:\/\/haafer.com\/site\/wp-json\/wp\/v2\/product_tag?post=5799"}],"curies":[{"name":"wp","href":"https:\/\/api.w.org\/{rel}","templated":true}]}}