{"id":5826,"date":"2024-08-01T17:37:08","date_gmt":"2024-08-01T20:37:08","guid":{"rendered":"https:\/\/haafer.com\/site\/?post_type=product&#038;p=5826"},"modified":"2025-11-28T11:45:46","modified_gmt":"2025-11-28T14:45:46","slug":"set-de-2-chup-nuk-for-nature-0-6-meses-verde","status":"publish","type":"product","link":"https:\/\/haafer.com\/site\/producto\/set-de-2-chup-nuk-for-nature-0-6-meses-verde\/","title":{"rendered":"Set de 2 Chup. NUK for NATURE 0-6 meses Verde"},"content":{"rendered":"<p>NUK 730762 SET DE 2 CHUPETES DE SILICONA FOR NATURE 0-6M VERDE<\/p>\n<p>Chupete inspirado en la naturaleza, hecho de materiales 100% sostenibles*<br \/>\nEscudo con forma ergon\u00f3mica y con orificios que permiten la circulaci\u00f3n del aire para que la piel respire evitando la irritaci\u00f3n<br \/>\nDisponible en silicona y en l\u00e1tex<br \/>\nTallas disponibles: 0-6m, 6-18m, 18-36m<br \/>\nPack de 2 unidades<br \/>\nModelos disponibles: verde, granate, beige<br \/>\nCaja portachupetes que sirve para esterilizar en el microondas<\/p>\n","protected":false},"excerpt":{"rendered":"<p>NUK 730762 SET DE 2 CHUPETES DE SILICONA FOR NATURE 0-6M VERDE Chupete inspirado en la naturaleza, hecho de materiales<\/p>\n","protected":false},"featured_media":5884,"comment_status":"open","ping_status":"closed","template":"","meta":[],"product_brand":[],"product_cat":[126,102],"product_tag":[],"class_list":{"0":"post-5826","1":"product","2":"type-product","3":"status-publish","4":"has-post-thumbnail","6":"product_cat-chupetes-y-accesorios","7":"product_cat-nuk","9":"first","10":"instock","11":"shipping-taxable","12":"purchasable","13":"product-type-simple"},"_links":{"self":[{"href":"https:\/\/haafer.com\/site\/wp-json\/wp\/v2\/product\/5826","targetHints":{"allow":["GET"]}}],"collection":[{"href":"https:\/\/haafer.com\/site\/wp-json\/wp\/v2\/product"}],"about":[{"href":"https:\/\/haafer.com\/site\/wp-json\/wp\/v2\/types\/product"}],"replies":[{"embeddable":true,"href":"https:\/\/haafer.com\/site\/wp-json\/wp\/v2\/comments?post=5826"}],"wp:featuredmedia":[{"embeddable":true,"href":"https:\/\/haafer.com\/site\/wp-json\/wp\/v2\/media\/5884"}],"wp:attachment":[{"href":"https:\/\/haafer.com\/site\/wp-json\/wp\/v2\/media?parent=5826"}],"wp:term":[{"taxonomy":"product_brand","embeddable":true,"href":"https:\/\/haafer.com\/site\/wp-json\/wp\/v2\/product_brand?post=5826"},{"taxonomy":"product_cat","embeddable":true,"href":"https:\/\/haafer.com\/site\/wp-json\/wp\/v2\/product_cat?post=5826"},{"taxonomy":"product_tag","embeddable":true,"href":"https:\/\/haafer.com\/site\/wp-json\/wp\/v2\/product_tag?post=5826"}],"curies":[{"name":"wp","href":"https:\/\/api.w.org\/{rel}","templated":true}]}}