{"id":5832,"date":"2024-08-01T17:37:10","date_gmt":"2024-08-01T20:37:10","guid":{"rendered":"https:\/\/haafer.com\/site\/?post_type=product&#038;p=5832"},"modified":"2025-11-28T11:40:08","modified_gmt":"2025-11-28T14:40:08","slug":"set-de-2-chup-nuk-for-nature-6-18-meses-rojo","status":"publish","type":"product","link":"https:\/\/haafer.com\/site\/producto\/set-de-2-chup-nuk-for-nature-6-18-meses-rojo\/","title":{"rendered":"Set de 2 Chup. NUK for NATURE 6-18 meses Rojo"},"content":{"rendered":"<p>SET X 2 CHUPETES NUK FOR NATURE<br \/>\n6-18 MESES<\/p>\n<p>Chupete inspirado en la naturaleza, hecho de materiales 100% sostenibles*<br \/>\nEscudo con forma ergon\u00f3mica y con orificios que permiten la circulaci\u00f3n del aire para que la piel respire evitando la irritaci\u00f3n<br \/>\nDisponible en silicona y en l\u00e1tex<\/p>\n<p>* Este pl\u00e1stico es un material 100% vinculado a materias primas renovables que cumplen con el enfoque de balance de masas certificado por ISCC PLUS.<\/p>\n<p>Su forma original NUK tambi\u00e9n est\u00e1 inspirada en la naturaleza, se acomoda contra el paladar y deja espacio para la lengua.<br \/>\nEs aceptado por el 95% de los beb\u00e9s y es amigable con la lactancia.<\/p>\n<p>Producto Directo de f\u00e1brica.<br \/>\nSomos usuarios certificados NUK<\/p>\n","protected":false},"excerpt":{"rendered":"<p>SET X 2 CHUPETES NUK FOR NATURE 6-18 MESES Chupete inspirado en la naturaleza, hecho de materiales 100% sostenibles* Escudo<\/p>\n","protected":false},"featured_media":5893,"comment_status":"open","ping_status":"closed","template":"","meta":[],"product_brand":[],"product_cat":[126,102],"product_tag":[],"class_list":{"0":"post-5832","1":"product","2":"type-product","3":"status-publish","4":"has-post-thumbnail","6":"product_cat-chupetes-y-accesorios","7":"product_cat-nuk","9":"first","10":"instock","11":"shipping-taxable","12":"purchasable","13":"product-type-simple"},"_links":{"self":[{"href":"https:\/\/haafer.com\/site\/wp-json\/wp\/v2\/product\/5832","targetHints":{"allow":["GET"]}}],"collection":[{"href":"https:\/\/haafer.com\/site\/wp-json\/wp\/v2\/product"}],"about":[{"href":"https:\/\/haafer.com\/site\/wp-json\/wp\/v2\/types\/product"}],"replies":[{"embeddable":true,"href":"https:\/\/haafer.com\/site\/wp-json\/wp\/v2\/comments?post=5832"}],"wp:featuredmedia":[{"embeddable":true,"href":"https:\/\/haafer.com\/site\/wp-json\/wp\/v2\/media\/5893"}],"wp:attachment":[{"href":"https:\/\/haafer.com\/site\/wp-json\/wp\/v2\/media?parent=5832"}],"wp:term":[{"taxonomy":"product_brand","embeddable":true,"href":"https:\/\/haafer.com\/site\/wp-json\/wp\/v2\/product_brand?post=5832"},{"taxonomy":"product_cat","embeddable":true,"href":"https:\/\/haafer.com\/site\/wp-json\/wp\/v2\/product_cat?post=5832"},{"taxonomy":"product_tag","embeddable":true,"href":"https:\/\/haafer.com\/site\/wp-json\/wp\/v2\/product_tag?post=5832"}],"curies":[{"name":"wp","href":"https:\/\/api.w.org\/{rel}","templated":true}]}}